 composite number?
False
Is 44761 a composite number?
True
Is 13997 a prime number?
True
Is 2879 prime?
True
Is 2927011 composite?
False
Is 2258779 a prime number?
True
Is 25855 a prime number?
False
Is 2285331 a composite number?
True
Is 22613 a composite number?
False
Is 4357 composite?
False
Is 5045 prime?
False
Is 52639 composite?
False
Is 22465 a composite number?
True
Is 4111 a prime number?
True
Is 276079 a composite number?
False
Is 73939 a prime number?
True
Is 10594 composite?
True
Is 186299 composite?
False
Is 75967 prime?
True
Is 21355 a prime number?
False
Is 275369 a prime number?
False
Is 471959 composite?
False
Is 159701 prime?
True
Is 48967 composite?
True
Is 3292087 a composite number?
False
Is 13367 prime?
True
Is 1439 a composite number?
False
Is 9277 a composite number?
False
Is 713498 composite?
True
Is 8861 prime?
True
Is 16033 a composite number?
False
Is 404597 a prime number?
True
Is 17231 composite?
False
Is 26389 prime?
False
Is 1931 a composite number?
False
Is 19289 prime?
True
Is 493481 prime?
True
Is 140323 a prime number?
False
Is 3234463 a prime number?
True
Is 18283 composite?
True
Is 13331 a composite number?
False
Is 21787 a prime number?
True
Is 12959 a composite number?
False
Is 1003517 composite?
False
Is 122119 composite?
True
Is 64301 a composite number?
False
Is 322403 composite?
False
Is 19157 a prime number?
True
Is 31709 a composite number?
True
Is 145553 a prime number?
False
Is 361637 composite?
False
Is 22235 a composite number?
True
Is 13643 a composite number?
True
Is 449 a prime number?
True
Is 1390487 prime?
False
Is 288511 prime?
False
Is 18269 a prime number?
True
Is 772678 a composite number?
True
Is 401195 a prime number?
False
Is 34027 a composite number?
True
Is 1262869 composite?
False
Is 6629 composite?
True
Is 502 a prime number?
False
Is 149837 prime?
True
Is 155689 a prime number?
True
Is 8005 prime?
False
Is 445121 prime?
False
Is 45145 a prime number?
False
Is 39281 a composite number?
True
Is 5195 composite?
True
Is 205489 a composite number?
True
Is 576313 a composite number?
False
Is 159971 a prime number?
False
Is 11197 composite?
False
Is 10133 a composite number?
False
Is 34315 a prime number?
False
Is 351271 prime?
False
Is 214433 a composite number?
False
Is 64409 a prime number?
False
Is 219277 composite?
False
Is 587 a composite number?
False
Is 233521 a prime number?
False
Is 9733 a prime number?
True
Is 73819 a composite number?
False
Is 1759 prime?
True
Is 35251 a composite number?
False
Is 422537 a prime number?
True
Is 94087 a composite number?
True
Is 21517 prime?
True
Is 155681 prime?
False
Is 123461 prime?
False
Is 246527 prime?
True
Is 6599 a composite number?
False
Is 263759 a prime number?
True
Is 88709 a composite number?
True
Is 86677 composite?
False
Is 877 prime?
True
Is 7883 composite?
False
Is 177449 prime?
False
Is 90169 composite?
True
Is 3902 a composite number?
True
Is 239 a prime number?
True
Is 164129 prime?
False
Is 84646 a prime number?
False
Is 181527 composite?
True
Is 39857 composite?
False
Is 22757 composite?
True
Is 21269 prime?
True
Is 107531 composite?
True
Is 11553 composite?
True
Is 133919 a composite number?
False
Is 817543 composite?
True
Is 40559 composite?
False
Is 22367 composite?
False
Is 2221459 composite?
False
Is 795601 prime?
True
Is 21817 a prime number?
True
Is 421691 prime?
True
Is 4524935 composite?
True
Is 141917 a composite number?
False
Is 18191 prime?
True
Is 28343 prime?
False
Is 40009 a prime number?
True
Is 7934 a prime number?
False
Is 4391 a composite number?
False
Is 839771 a prime number?
True
Is 1353101 prime?
True
Is 83957 a prime number?
False
Is 7121 prime?
True
Is 6247 a composite number?
False
Is 311158 composite?
True
Is 3119 prime?
True
Is 2734 composite?
True
Is 84139 prime?
False
Is 22807 composite?
False
Is 40143 prime?
False
Is 7811 composite?
True
Is 113653 a prime number?
False
Is 1126933 prime?
False
Is 33851 composite?
False
Is 371 prime?
False
Is 3521371 a composite number?
True
Is 88933 a composite number?
True
Is 22339 a prime number?
False
Is 348617 prime?
True
Is 23053 prime?
True
Is 1003 a composite number?
True
Is 29119 a prime number?
False
Is 1583 a prime number?
True
Is 7427 composite?
True
Is 2531 prime?
True
Is 321509 a composite number?
False
Is 118709 prime?
True
Is 164321 a composite number?
False
Is 3589 a composite number?
True
Is 17339 a prime number?
False
Is 56941 prime?
True
Is 36293 composite?
False
Is 3383 prime?
False
Is 101863 a prime number?
True
Is 2927 a prime number?
True
Is 158113 a prime number?
True
Is 2761169 composite?
False
Is 2909 prime?
True
Is 15241 a composite number?
False
Is 2819 prime?
True
Is 8803 a prime number?
True
Is 13591 a prime number?
True
Is 343351 composite?
True
Is 63443 a composite number?
False
Is 216305 a composite number?
True
Is 2471 a composite number?
True
Is 19739 a prime number?
True
Is 1361 composite?
False
Is 17783 a composite number?
False
Is 232537 a prime number?
False
Is 237989 composite?
True
Is 70043 a prime number?
False
Is 209767 a prime number?
True
Is 3173 a composite number?
True
Is 14662 a composite number?
True
Is 79349 prime?
True
Is 1070951 prime?
False
Is 7405 a composite number?
True
Is 2207 composite?
False
Is 10661 prime?
False
Is 92459 prime?
True
Is 518579 a composite number?
False
Is 14727 prime?
False
Is 18671 composite?
False
Is 85691 composite?
False
Is 5449 a composite number?
False
Is 11789 a composite number?
False
Is 12349 a prime number?
False
Is 1817 a composite number?
True
Is 181819 a prime number?
False
Is 505483 composite?
True
Is 26135 a prime number?
False
Is 29789 prime?
True
Is 289543 a composite number?
False
Is 55291 composite?
False
Is 4547039 composite?
True
Is 281291 a composite number?
False
Is 6599 composite?
False
Is 2318623 composite?
False
Is 49319 a composite number?
True
Is 28511 a prime number?
False
Is 853691 a prime number?
False
Is 663149 a composite number?
False
Is 680203 a composite number?
False
Is 23183 a prime number?
False
Is 28969 prime?
False
Is 3079 a prime number?
True
Is 5633 composite?
True
Is 66437 prime?
False
Is 15187 prime?
True
Is 21662 a composite number?
True
Is 54109 a prime number?
False
Is 573809 prime?
True
Is 14971 a composite number?
True
Is 3953 prime?
False
Is 44483 a prime number?
True
Is 17905 a prime number?
False
Is 116189 a composite number?
False
Is 25429 composite?
True
Is 2098 a composite number?
True
Is 4911053 composite?
True
Is 36829 composite?
True
Is 6989 prime?
False
Is 24197 prime?
True
Is 1057087 a composite number?
False
Is 2777 prime?
True
Is 181523 a composite number?
False
Is 75433 prime?
False
Is 37633 prime?
True
Is 4829761 prime?
True
Is 16381 a prime number?
True
Is 503339 a prime number?
True
Is 1949 a composite number?
False
Is 2209019 a composite number?
True
Is 19223 a prime number?
False
Is 34819 composite?
False
Is 12763 a composite number?
False
Is 49139 a prime number?
True
Is 6521 composite?
False
Is 731779 prime?
True
Is 16729 prime?
True
Is 78673 a composite number?
True
Is 33721 prime?
True
Is 235097 composite?
True
Is 71417 a composite number?
True
Is 15569 a composite number?
False
Is 34403 a composite number?
False
Is 10219 a prime number?
False
Is 40141 prime?
False
Is 24751 a composite number?
True
Is 42193 composite?
False
Is 257783 composite?
False
Is 2171983 a prime number?
False
Is 487961 composite?
True
Is 1522727 prime?
True
Is 1313567 composite?
False
Is 60311 prime?
False
Is 16183 prime?
True
Is 7349 prime?
True
Is 689 prime?
False
Is 289 composite?
True
Is 2099 a composite number?
False
Is 858085 a prime number?
False
Is 49079 prime?
False
Is 20365 prime?
False
Is 22189 a prime number?
True
Is 1736417 composite?
False
Is 11821 composite?
False
Is 16609 composite?
True
Is 7001 prime?
True
Is 2059 prime?
False
Is 118127 prime?
True
Is 8158 prime?
False
Is 482861 composite?
False
Is 122 composite?
True
Is 113537 a composite number?
False
Is 1267787 a composite number?
False
Is 743 composite?
False
Is 31 a composite number?
False
Is 1535 composite?
True
Is 16609 composite?
True
Is 16333 a prime number?
True
Is 42509 a composite number?
False
Is 75967 prime?
True
Is 24454 prime?
False
Is 228731 a prim